{"id":522,"date":"2016-06-27T13:01:49","date_gmt":"2016-06-27T13:01:49","guid":{"rendered":"http:\/\/profihobby.cz\/?page_id=522"},"modified":"2016-06-27T13:19:37","modified_gmt":"2016-06-27T13:19:37","slug":"sluzby","status":"publish","type":"page","link":"https:\/\/profihobby.cz\/?page_id=522","title":{"rendered":"Slu\u017eby"},"content":{"rendered":"<p><a href=\"https:\/\/profihobby.cz\/wp-content\/uploads\/2016\/06\/slu\u017eby-ok.png\"><img decoding=\"async\" loading=\"lazy\" class=\"alignnone wp-image-524 \" src=\"https:\/\/profihobby.cz\/wp-content\/uploads\/2016\/06\/slu\u017eby-ok.png\" alt=\"slu\u017eby ok\" width=\"644\" height=\"317\" srcset=\"https:\/\/profihobby.cz\/wp-content\/uploads\/2016\/06\/slu\u017eby-ok.png 1494w, https:\/\/profihobby.cz\/wp-content\/uploads\/2016\/06\/slu\u017eby-ok-300x148.png 300w, https:\/\/profihobby.cz\/wp-content\/uploads\/2016\/06\/slu\u017eby-ok-768x378.png 768w, https:\/\/profihobby.cz\/wp-content\/uploads\/2016\/06\/slu\u017eby-ok-1024x504.png 1024w\" sizes=\"(max-width: 644px) 100vw, 644px\" \/><\/a><\/p>\n<p>D\u00e1le nab\u00edz\u00edme v\u00fdrobu kl\u00ed\u010d\u016f, z\u00e1mk\u016f, vlo\u017eek s chr\u00e1n\u011bn\u00fdm profilem a sestavov\u00e1n\u00ed vlo\u017eek dle kl\u00ed\u010de.<\/p>\n","protected":false},"excerpt":{"rendered":"<p>D\u00e1le nab\u00edz\u00edme v\u00fdrobu kl\u00ed\u010d\u016f, z\u00e1mk\u016f, vlo\u017eek s chr\u00e1n\u011bn\u00fdm profilem a sestavov\u00e1n\u00ed vlo\u017eek dle kl\u00ed\u010de.<\/p>\n","protected":false},"author":2,"featured_media":0,"parent":0,"menu_order":0,"comment_status":"closed","ping_status":"closed","template":"","meta":[],"_links":{"self":[{"href":"https:\/\/profihobby.cz\/index.php?rest_route=\/wp\/v2\/pages\/522"}],"collection":[{"href":"https:\/\/profihobby.cz\/index.php?rest_route=\/wp\/v2\/pages"}],"about":[{"href":"https:\/\/profihobby.cz\/index.php?rest_route=\/wp\/v2\/types\/page"}],"author":[{"embeddable":true,"href":"https:\/\/profihobby.cz\/index.php?rest_route=\/wp\/v2\/users\/2"}],"replies":[{"embeddable":true,"href":"https:\/\/profihobby.cz\/index.php?rest_route=%2Fwp%2Fv2%2Fcomments&post=522"}],"version-history":[{"count":3,"href":"https:\/\/profihobby.cz\/index.php?rest_route=\/wp\/v2\/pages\/522\/revisions"}],"predecessor-version":[{"id":527,"href":"https:\/\/profihobby.cz\/index.php?rest_route=\/wp\/v2\/pages\/522\/revisions\/527"}],"wp:attachment":[{"href":"https:\/\/profihobby.cz\/index.php?rest_route=%2Fwp%2Fv2%2Fmedia&parent=522"}],"curies":[{"name":"wp","href":"https:\/\/api.w.org\/{rel}","templated":true}]}}