{"id":28,"date":"2012-04-01T16:20:57","date_gmt":"2012-04-01T16:20:57","guid":{"rendered":"http:\/\/profihobby.cz\/?page_id=28"},"modified":"2019-04-11T15:45:19","modified_gmt":"2019-04-11T15:45:19","slug":"motorove-pily","status":"publish","type":"page","link":"https:\/\/profihobby.cz\/?page_id=28","title":{"rendered":"Motorov\u00e9 pily"},"content":{"rendered":"<h3>Motorov\u00e9 pily STIHL<\/h3>\n<p>V na\u0161\u00ed nab\u00eddce naleznete motorov\u00e9 pily zn. STIHL. STIHL je celosv\u011btov\u00fdm synonymem kvality a \u00fasp\u011bchu. <a href=\"https:\/\/profihobby.cz\/wp-content\/uploads\/2012\/04\/motorove-pily.png\"><img decoding=\"async\" loading=\"lazy\" class=\"alignnone size-full wp-image-36\" title=\"Motorov\u00e9 pily STIHL\" src=\"https:\/\/profihobby.cz\/wp-content\/uploads\/2012\/04\/motorove-pily.png\" alt=\"Motorov\u00e9 pily STIHL\" width=\"650\" height=\"130\" srcset=\"https:\/\/profihobby.cz\/wp-content\/uploads\/2012\/04\/motorove-pily.png 650w, https:\/\/profihobby.cz\/wp-content\/uploads\/2012\/04\/motorove-pily-300x60.png 300w\" sizes=\"(max-width: 650px) 100vw, 650px\" \/><\/a><\/p>\n<p>V r\u00e1mci nab\u00eddky zn. STIHL jsme schopni V\u00e1m zajistit jak\u00fdkoliv produkt z platn\u00e9 nab\u00eddky.<\/p>\n<h3><a href=\"https:\/\/www.stihl.cz\/Produkty-STIHL\/0100\/Motorov\u00e9-pily.aspx\">Nab\u00eddka n\u00e1mi nab\u00edzen\u00fdch pil<\/a><\/h3>\n<h3><a href=\"https:\/\/profihobby.cz\/wp-content\/uploads\/2012\/04\/cen\u00edk-pilky004.pdf\">Aktu\u00e1ln\u00ed cen\u00edk\u00a0pil<\/a><\/h3>\n<p><strong>Zna\u010dkov\u00fd servis<\/strong><\/p>\n<p>V souladu s p\u0159esv\u011bd\u010den\u00edm zakladatele firmy Andrease Stihla o tom, \u017ee &#8222;ka\u017ed\u00fd v\u00fdrobek je tak dobr\u00fd, jak dobr\u00fd je jeho servis&#8220; jsou produkty firmy STIHL na cel\u00e9m sv\u011bt\u011b distribuov\u00e1ny v\u00fdhradn\u011b prost\u0159ednictv\u00edm s\u00edt\u011b zna\u010dkov\u00fdch autorizovan\u00fdch prodejc\u016f, kte\u0159\u00ed zaji\u0161\u0165uj\u00ed rovn\u011b\u017e z\u00e1ru\u010dn\u00ed a poz\u00e1ru\u010dn\u00ed odborn\u00fd servis na m\u00edst\u011b. <strong>Na\u0161e prodejna prov\u00e1d\u00ed z\u00e1ru\u010dn\u00ed a poz\u00e1ru\u010dn\u00ed servis na m\u00edst\u011b, Va\u0161i pilu nemus\u00edte nikam pos\u00edlat.<\/strong><\/p>\n<p>V na\u0161\u00ed nab\u00eddce d\u00e1le naleznete produkty dal\u0161\u00edch zna\u010dek:<\/p>\n<h3><a title=\"Motorov\u00e9 pily HECHT\" href=\"https:\/\/cz.hecht.cz\/zahrada\/pily\/\">Motorov\u00e9 pily HECHT<\/a><\/h3>\n<h3><a title=\"Motorov\u00e9 pily ECHO\" href=\"http:\/\/www.werco.cz\/motorove-pily.htm?assist=1&amp;ass_man[]=9\">Motorov\u00e9 pily ECHO<\/a><\/h3>\n","protected":false},"excerpt":{"rendered":"<p>Motorov\u00e9 pily STIHL V na\u0161\u00ed nab\u00eddce naleznete motorov\u00e9 pily zn. STIHL. STIHL je celosv\u011btov\u00fdm synonymem kvality a \u00fasp\u011bchu. V r\u00e1mci nab\u00eddky zn. STIHL jsme schopni V\u00e1m zajistit jak\u00fdkoliv produkt z platn\u00e9 nab\u00eddky. Nab\u00eddka n\u00e1mi nab\u00edzen\u00fdch pil Aktu\u00e1ln\u00ed cen\u00edk\u00a0pil Zna\u010dkov\u00fd servis V souladu s p\u0159esv\u011bd\u010den\u00edm zakladatele firmy Andrease Stihla o tom, \u017ee &#8222;ka\u017ed\u00fd v\u00fdrobek je tak [&hellip;]<\/p>\n","protected":false},"author":1,"featured_media":0,"parent":0,"menu_order":2,"comment_status":"open","ping_status":"closed","template":"","meta":[],"_links":{"self":[{"href":"https:\/\/profihobby.cz\/index.php?rest_route=\/wp\/v2\/pages\/28"}],"collection":[{"href":"https:\/\/profihobby.cz\/index.php?rest_route=\/wp\/v2\/pages"}],"about":[{"href":"https:\/\/profihobby.cz\/index.php?rest_route=\/wp\/v2\/types\/page"}],"author":[{"embeddable":true,"href":"https:\/\/profihobby.cz\/index.php?rest_route=\/wp\/v2\/users\/1"}],"replies":[{"embeddable":true,"href":"https:\/\/profihobby.cz\/index.php?rest_route=%2Fwp%2Fv2%2Fcomments&post=28"}],"version-history":[{"count":24,"href":"https:\/\/profihobby.cz\/index.php?rest_route=\/wp\/v2\/pages\/28\/revisions"}],"predecessor-version":[{"id":590,"href":"https:\/\/profihobby.cz\/index.php?rest_route=\/wp\/v2\/pages\/28\/revisions\/590"}],"wp:attachment":[{"href":"https:\/\/profihobby.cz\/index.php?rest_route=%2Fwp%2Fv2%2Fmedia&parent=28"}],"curies":[{"name":"wp","href":"https:\/\/api.w.org\/{rel}","templated":true}]}}